{"id":38,"date":"2017-01-22T19:12:09","date_gmt":"2017-01-22T18:12:09","guid":{"rendered":"http:\/\/www.foerderkreis-schloss-buchenau.de\/?page_id=38"},"modified":"2017-11-04T08:46:02","modified_gmt":"2017-11-04T07:46:02","slug":"geschichte","status":"publish","type":"page","link":"https:\/\/www.foerderkreis-schloss-buchenau.de\/?page_id=38","title":{"rendered":"Geschichte"},"content":{"rendered":"<p>Schloss Buchenau wurde 1840 als Wohnsitz eines Zweiges der Glash\u00fcttendynastie derer von Poschinger aus Oberzwieselau erbaut. 1868 bis 1870 erfolgte die Erweiterung im Stile des Historismus zu heutiger Form und Gr\u00f6\u00dfe. In Buchenau wurde von der Gr\u00fcndung im Jahre 1629 bis zum 28. November 1932 Glas produziert. Buchenauer Glas genoss vor allem in der Zeit des Historismus und des Jugendstils internationales Ansehen.<\/p>\n<p>Nach dem Konkurs der Glash\u00fctte 1933 verwaiste das Schloss. 1942 kaufte die damals schon bekannte Kochbuchautorin Erna Horn zusammen mit ihrem Ehemann Dr. Julius Arndt das Anwesen. Es diente bis in die achtziger Jahre als Wohn- und Arbeitsst\u00e4tte f\u00fcr die Familie und ihre Angestellten, war voller Leben und beherbergte viele G\u00e4ste. Nach dem Tod von Erna Horn 1982 ging das Schloss in den Besitz zweier treuer Angestellter \u00fcber.<\/p>\n<p>2006 erwarb der gleichnamige F\u00f6rderkreis Schloss Buchenau. Hier haben sich Menschen zusammengeschlossen, denen Erhalt und Weiterentwicklung des Anwesens mit seinem wilden Park und seiner ganz besonderen Geschichte und Atmosph\u00e4re am Herzen liegt. Die Bausubstanz des denkmalgesch\u00fctzten Ensembles soll erhalten und wo m\u00f6glich wieder in den originalen Zustand versetzt werden. Ankn\u00fcpfend an die gro\u00dfen Themen, die den Ort und das Schloss \u00fcber Jahrhunderte gepr\u00e4gt haben \u2013Wildnis, die Grenze zu B\u00f6hmen, Glas und Kochkunst- widmet sich der F\u00f6rderkreis der regionalen Kulturf\u00f6rderung und gestaltet Ausstellungen, Konzerte, Theater und Lesungen. Drei M\u00e4rkte, bei denen immer ein gro\u00dfes Augenmerk darauf gelegt wird, dass die Aussteller zu Philosophie und Atmosph\u00e4re des Ortes passen und die angebotenen Speisen den Anspr\u00fcchen einer regionalen, traditionellen, handwerklichen Ess- und Lebenskultur entsprechen, dienen auch dazu, das Schloss wirtschaftlich auf eigene Beine zu stellen: der Gartenmarkt mit B\u00e4rlauchfest Ende Mai, der Genussmarkt am 3. Oktober und der Adventsmarkt.<\/p>\n<p>Schloss Buchenau ist ein Ort, der in ganz besonderem Ma\u00dfe Selbstfindung und pers\u00f6nliche Entwicklung f\u00f6rdern kann.<\/p>\n","protected":false},"excerpt":{"rendered":"<p>Schloss Buchenau wurde 1840 als Wohnsitz eines Zweiges der Glash\u00fcttendynastie derer von Poschinger aus Oberzwieselau erbaut. 1868 bis 1870 erfolgte die Erweiterung im Stile des Historismus zu heutiger Form und Gr\u00f6\u00dfe. In Buchenau wurde von der Gr\u00fcndung im Jahre 1629 bis zum 28. November 1932 Glas produziert. Buchenauer Glas genoss vor allem in der Zeit &hellip; <\/p>\n<p class=\"link-more\"><a href=\"https:\/\/www.foerderkreis-schloss-buchenau.de\/?page_id=38\" class=\"more-link\"><span class=\"screen-reader-text\">\u201eGeschichte\u201c <\/span>weiterlesen<\/a><\/p>\n","protected":false},"author":1,"featured_media":0,"parent":0,"menu_order":0,"comment_status":"closed","ping_status":"closed","template":"","meta":{"footnotes":""},"class_list":["post-38","page","type-page","status-publish","hentry"],"_links":{"self":[{"href":"https:\/\/www.foerderkreis-schloss-buchenau.de\/index.php?rest_route=\/wp\/v2\/pages\/38","targetHints":{"allow":["GET"]}}],"collection":[{"href":"https:\/\/www.foerderkreis-schloss-buchenau.de\/index.php?rest_route=\/wp\/v2\/pages"}],"about":[{"href":"https:\/\/www.foerderkreis-schloss-buchenau.de\/index.php?rest_route=\/wp\/v2\/types\/page"}],"author":[{"embeddable":true,"href":"https:\/\/www.foerderkreis-schloss-buchenau.de\/index.php?rest_route=\/wp\/v2\/users\/1"}],"replies":[{"embeddable":true,"href":"https:\/\/www.foerderkreis-schloss-buchenau.de\/index.php?rest_route=%2Fwp%2Fv2%2Fcomments&post=38"}],"version-history":[{"count":3,"href":"https:\/\/www.foerderkreis-schloss-buchenau.de\/index.php?rest_route=\/wp\/v2\/pages\/38\/revisions"}],"predecessor-version":[{"id":254,"href":"https:\/\/www.foerderkreis-schloss-buchenau.de\/index.php?rest_route=\/wp\/v2\/pages\/38\/revisions\/254"}],"wp:attachment":[{"href":"https:\/\/www.foerderkreis-schloss-buchenau.de\/index.php?rest_route=%2Fwp%2Fv2%2Fmedia&parent=38"}],"curies":[{"name":"wp","href":"https:\/\/api.w.org\/{rel}","templated":true}]}}